9 divide 296721?
False
Is 1220646 a multiple of 42?
True
Is 991268 a multiple of 17?
False
Does 204 divide 48756?
True
Is 28 a factor of 4661839?
False
Is 292 a factor of 137824?
True
Is 5996583 a multiple of 3?
True
Is 915739 a multiple of 83?
True
Is 22 a factor of 59891?
False
Is 3146832 a multiple of 41?
True
Is 9241267 a multiple of 152?
False
Is 339848 a multiple of 11?
False
Is 7 a factor of 3196627?
True
Does 791 divide 3392444?
False
Is 790098 a multiple of 3?
True
Does 406 divide 4658444?
True
Is 144 a factor of 121824?
True
Is 57836 a multiple of 64?
False
Does 929 divide 520240?
True
Is 709920 a multiple of 32?
True
Is 818023 a multiple of 18?
False
Is 37 a factor of 4661815?
True
Is 110502 a multiple of 10?
False
Is 72922 a multiple of 38?
True
Is 1231795 a multiple of 485?
False
Does 1580 divide 12844790?
False
Is 2200140 a multiple of 9?
True
Does 15 divide 224027?
False
Is 322 a factor of 2413068?
True
Is 35 a factor of 609875?
True
Is 256 a factor of 254693?
False
Is 10 a factor of 18820?
True
Is 51944 a multiple of 43?
True
Does 11 divide 5325528?
False
Does 12 divide 160572?
True
Does 193 divide 60204?
False
Is 22 a factor of 171912?
False
Is 42172 a multiple of 26?
True
Does 39 divide 417534?
True
Is 1362755 a multiple of 323?
False
Does 387 divide 3420306?
True
Does 24 divide 14064?
True
Is 13 a factor of 23357?
False
Does 138 divide 7176?
True
Does 1240 divide 4049727?
False
Is 14 a factor of 82322?
False
Does 32 divide 2929156?
False
Does 82 divide 2598086?
False
Is 99 a factor of 221166?
True
Does 417 divide 192237?
True
Does 40 divide 267370?
False
Is 1642512 a multiple of 57?
True
Is 265643 a multiple of 52?
False
Does 12 divide 170256?
True
Does 452 divide 3718240?
False
Is 1987875 a multiple of 25?
True
Is 29 a factor of 41412?
True
Is 291153 a multiple of 16?
False
Is 128088 a multiple of 27?
True
Does 19 divide 829074?
False
Is 100 a factor of 3753400?
True
Does 3 divide 1501632?
True
Is 43 a factor of 833758?
False
Is 48 a factor of 257432?
False
Does 13 divide 3877251?
False
Is 1504 a factor of 3873236?
False
Does 5 divide 23420?
True
Is 30548 a multiple of 29?
False
Is 9 a factor of 40167?
True
Is 58961 a multiple of 12?
False
Is 97 a factor of 578533?
False
Is 4 a factor of 59570?
False
Does 27 divide 6444?
False
Is 79675 a multiple of 240?
False
Is 1750322 a multiple of 218?
True
Does 102 divide 420254?
False
Does 4 divide 463?
False
Is 98904 a multiple of 12?
True
Is 44 a factor of 1751772?
True
Is 28 a factor of 8848?
True
Is 1040160 a multiple of 78?
False
Does 143 divide 193297?
False
Does 21 divide 4059042?
False
Is 272 a factor of 781728?
True
Is 865062 a multiple of 153?
True
Is 48951 a multiple of 147?
True
Is 63 a factor of 35028?
True
Is 32 a factor of 139433?
False
Is 21 a factor of 231320?
False
Is 15 a factor of 97095?
True
Does 30 divide 23254?
False
Is 708 a factor of 1506624?
True
Does 76 divide 358264?
True
Is 139913 a multiple of 27?
False
Is 392046 a multiple of 114?
True
Does 452 divide 1702232?
True
Is 86168 a multiple of 70?
False
Is 1754739 a multiple of 9?
True
Is 27 a factor of 20499270?
False
Is 396 a factor of 449064?
True
Does 23 divide 177886?
False
Is 4266862 a multiple of 7?
False
Is 83 a factor of 3396028?
True
Is 787223 a multiple of 10?
False
Is 11 a factor of 61644?
True
Does 34 divide 116463?
False
Is 88 a factor of 96864?
False
Does 481 divide 291967?
True
Is 371621 a multiple of 30?
False
Is 691 a factor of 440858?
True
Does 48 divide 169950?
False
Is 47627 a multiple of 6?
False
Is 74 a factor of 1530542?
True
Does 909 divide 11133432?
True
Is 289028 a multiple of 19?
True
Does 40 divide 4044160?
True
Does 116 divide 164034?
False
Is 20 a factor of 1196017?
False
Is 52 a factor of 245024?
True
Is 519229 a multiple of 11?
False
Does 8 divide 10233520?
True
Is 59319 a multiple of 12?
False
Is 2094344 a multiple of 14?
True
Is 119 a factor of 1468394?
False
Is 858375 a multiple of 315?
True
Is 2276208 a multiple of 297?
True
Does 95 divide 30746752?
False
Is 832373 a multiple of 102?
False
Does 20 divide 570329?
False
Does 730 divide 3504633?
False
Is 715709 a multiple of 130?
False
Does 52 divide 8929076?
True
Is 58 a factor of 102834?
True
Is 2239020 a multiple of 84?
True
Is 639 a factor of 825763?
False
Is 291131 a multiple of 48?
False
Is 21 a factor of 1348130?
False
Is 69549 a multiple of 8?
False
Does 12 divide 674472?
True
Is 1472419 a multiple of 58?
False
Is 130 a factor of 102310?
True
Does 69 divide 185999?
False
Is 43 a factor of 27236?
False
Does 48 divide 1342368?
True
Does 215 divide 423120?
True
Is 15663 a multiple of 2?
False
Is 238 a factor of 25674263?
False
Is 235 a factor of 188426?
False
Is 1427289 a multiple of 36?
False
Is 62 a factor of 420298?
True
Is 36165 a multiple of 5?
True
Is 602 a factor of 1721118?
True
Does 33 divide 29582322?
True
Is 15157 even?
False
Is 470152 a multiple of 24?
False
Does 46 divide 19749640?
True
Is 50 a factor of 436850?
True
Does 21 divide 161847?
True
Is 46 a factor of 2049852?
True
Is 72240 a multiple of 16?
True
Is 23 a factor of 317833?
False
Does 81 divide 21301?
False
Does 1107 divide 3717306?
True
Is 59 a factor of 84547?
True
Is 372333 a multiple of 20?
False
Does 2 divide 72860?
True
Is 486499 a multiple of 121?
False
Does 257 divide 16591?
False
Is 11 a factor of 354174?
False
Is 597901 a multiple of 5?
False
Is 55552 a multiple of 248?
True
Does 1373 divide 3453095?
True
Is 652 a factor of 2070100?
True
Is 118 a factor of 20719604?
False
Does 311 divide 5165294?
False
Does 178 divide 646277?
False
Is 20 a factor of 5231940?
True
Is 1013 a factor of 946361?
False
Is 69 a factor of 135240?
True
Is 5369045 a multiple of 335?
True
Is 145 a factor of 68847?
False
Does 2 divide 133444?
True
Is 355706 a multiple of 441?
False
Is 17 a factor of 463372?
False
Does 84 divide 21168?
True
Does 18 divide 91855?
False
Does 44 divide 1415594?
False
Is 39 a factor of 25818?
True
Does 163 divide 12225?
True
Is 50 a factor of 134869?
False
Is 26136 a multiple of 22?
True
Does 119 divide 144958?
False
Is 903 a factor of 202272?
True
Does 36 divide 6989?
False
Does 66 divide 18581838?
True
Is 1420441 even?
False
Does 37 divide 116173?
False
Is 110873 a multiple of 329?
True
Is 4 a factor of 361692?
True
Is 3 a factor of 35655?
True
Is 27 a factor of 3523258?
False
Is 11 a factor of 79849?
True
Is 23 a factor of 1605399?
False
Is 513488 a multiple of 632?
False
Is 99 a factor of 174211?
False
Does 42 divide 118356?
True
Does 38 divide 174700?
False
Is 663 a factor of 9349626?
True
Is 192218 a multiple of 124?
False
Does 15 divide 1195729?
False
Is 140 a factor of 868560?
True
Does 31 divide 9310540?
True
Is 31 a factor of 167896?
True
Is 196088 a multiple of 8?
True
Is 1998379 a multiple of 583?
False
Does 21 divide 82669?
False
Does 340 divide 3323081?
False
Is 10 a factor of 2371535?
False
Does 103 divide 2281965?
True
Is 1137402 a multiple of 27?
True
Does 259 divide 3234727?
False
Does 431 divide 1578432?
False
Is 36 a factor of 741636?
True
Does 71 divide 57222?
False
Does 121 divide 6352716?
False
Does 345 divide 4383225?
True
Is 5 a factor of 494615?
True
Is 4200080 a multiple of 10?
True
Is 33 a factor of 83292?
True
Does 10 divide 1362943?
False
Is 18776871 a multiple of 113?
True
Is 7 a factor of 978474?
True
Does 9 divide 1681651?
False
Is 2246107 a multiple of 251?
False
Does 53 divide 290926?
False
Does 530 divide 265000?
True
Does 1157 divide 11846523?
True
Is 550708 a multiple of 4?
True
Does 54 divide 663498?
True
Is 16343 a multiple of 31?
False
Does 9 divide 239149?
False
Is 14 a factor of 1325898?
True
Is 20 a factor of 12500?
True
Does 24 divide 25392072?
True
Does 68 divide 62360?
False
Is 196950 a multiple of 1010?
True
Does 565 divide 3564026?
False
Does 200 divide 1147200?
True
Does 39 divide 5428527?
True
Is 16193376 a multiple of 24?
True
Does 272 divide 28241?
False
Does 70 divide 164648?
False
Does 155 divide 618915?
True
Is 1303433 a multiple of 8?
False
Is 586993 a multiple of 11?
True
Does 30 divide 4602?
False
Is 2245377 a multiple of 63?
False
Is 63921 a multiple of 3?
True
Does 103 divide 5716821?
False
Is 18 a factor of 748710?
True
Does 135 divide 1003860?
True
Does 5 divide 4288495?
Tr